	{"id":56,"date":"2013-07-26T14:41:17","date_gmt":"2013-07-26T17:41:17","guid":{"rendered":"http:\/\/graficaimagemprint.com.br\/?page_id=56"},"modified":"2021-11-22T14:36:51","modified_gmt":"2021-11-22T17:36:51","slug":"banner-em-lona","status":"publish","type":"page","link":"https:\/\/graficaimagemprint.com.br\/?page_id=56","title":{"rendered":"Banner em Lona"},"content":{"rendered":"<h3 style=\"text-align: center;\"><\/h3>\n<h5 style=\"text-align: center;\">Trabalhamos com impress\u00e3o colorida em lona, podendo ser colocado fotos e desenhos sem limite de cores, uma \u00f3tima op\u00e7\u00e3o para divulgar uma promo\u00e7\u00e3o ou produto\u00a0 e em festas de anivers\u00e1rio, confeccionamos tamb\u00e9m lonas com acabamento em ilhos para ser colocada em fachadas de lojas e empresas.<\/h5>\n<div id=\"attachment_236\" style=\"width: 301px\" class=\"wp-caption alignleft\"><a href=\"https:\/\/graficaimagemprint.com.br\/wp-content\/uploads\/2013\/07\/banner.png\"><img loading=\"lazy\" decoding=\"async\" aria-describedby=\"caption-attachment-236\" class=\" wp-image-236 \" title=\"Banner em Lona\" src=\"https:\/\/graficaimagemprint.com.br\/wp-content\/uploads\/2013\/07\/banner.png\" alt=\"banner\" width=\"291\" height=\"291\" srcset=\"https:\/\/graficaimagemprint.com.br\/wp-content\/uploads\/2013\/07\/banner.png 693w, https:\/\/graficaimagemprint.com.br\/wp-content\/uploads\/2013\/07\/banner-150x150.png 150w, https:\/\/graficaimagemprint.com.br\/wp-content\/uploads\/2013\/07\/banner-300x300.png 300w\" sizes=\"auto, (max-width: 291px) 100vw, 291px\" \/><\/a><p id=\"caption-attachment-236\" class=\"wp-caption-text\">Banner em Lona<\/p><\/div>\n<p>&nbsp;<\/p>\n<h3 style=\"text-align: center;\"><strong><span style=\"color: #0000ff;\">\u00a0Banner em Lona<\/span><\/strong><\/h3>\n<address style=\"text-align: center;\"><em>-tamanho 0,80&#215;1,00m<\/em><\/address>\n<address style=\"text-align: center;\"><em>-acabamento com bast\u00e3o e corda<\/em><\/address>\n<h5 style=\"text-align: center;\"><strong><span style=\"color: #ff00ff;\">1 und. &#8211; R$\u00a0<\/span><\/strong><\/h5>\n","protected":false},"excerpt":{"rendered":"<p>Trabalhamos com impress\u00e3o colorida em lona, podendo ser colocado fotos e desenhos sem limite de cores, uma \u00f3tima op\u00e7\u00e3o para divulgar uma promo\u00e7\u00e3o ou produto\u00a0 e em festas de anivers\u00e1rio, confeccionamos tamb\u00e9m lonas com acabamento em ilhos para ser colocada em fachadas de lojas e empresas. &nbsp; \u00a0Banner em Lona -tamanho 0,80&#215;1,00m -acabamento com bast\u00e3o [&hellip;]<\/p>\n","protected":false},"author":1,"featured_media":0,"parent":42,"menu_order":0,"comment_status":"closed","ping_status":"closed","template":"","meta":{"footnotes":""},"class_list":["post-56","page","type-page","status-publish","hentry"],"_links":{"self":[{"href":"https:\/\/graficaimagemprint.com.br\/index.php?rest_route=\/wp\/v2\/pages\/56","targetHints":{"allow":["GET"]}}],"collection":[{"href":"https:\/\/graficaimagemprint.com.br\/index.php?rest_route=\/wp\/v2\/pages"}],"about":[{"href":"https:\/\/graficaimagemprint.com.br\/index.php?rest_route=\/wp\/v2\/types\/page"}],"author":[{"embeddable":true,"href":"https:\/\/graficaimagemprint.com.br\/index.php?rest_route=\/wp\/v2\/users\/1"}],"replies":[{"embeddable":true,"href":"https:\/\/graficaimagemprint.com.br\/index.php?rest_route=%2Fwp%2Fv2%2Fcomments&post=56"}],"version-history":[{"count":6,"href":"https:\/\/graficaimagemprint.com.br\/index.php?rest_route=\/wp\/v2\/pages\/56\/revisions"}],"predecessor-version":[{"id":654,"href":"https:\/\/graficaimagemprint.com.br\/index.php?rest_route=\/wp\/v2\/pages\/56\/revisions\/654"}],"up":[{"embeddable":true,"href":"https:\/\/graficaimagemprint.com.br\/index.php?rest_route=\/wp\/v2\/pages\/42"}],"wp:attachment":[{"href":"https:\/\/graficaimagemprint.com.br\/index.php?rest_route=%2Fwp%2Fv2%2Fmedia&parent=56"}],"curies":[{"name":"wp","href":"https:\/\/api.w.org\/{rel}","templated":true}]}}